-2 - -6. Let c be 28/(-3)*(-1)/(28/72). Suppose -k*g + c = -12. Calculate the highest common divisor of g and 27.
9
Let y = 12 - 6. Let d be 36/8*8/y. Let m = -9 - -24. What is the highest common factor of m and d?
3
Let c = 70 + -37. Suppose -2*x = 4*l - 14, -5*l = 5 + 5. Calculate the greatest common divisor of x and c.
11
Let z(q) = -q**3 + 4*q**2 + 3*q + 4. Let s be z(4). Let h(l) = l**2 - 11*l + 2. Let f be h(-7). What is the highest common divisor of f and s?
16
Let c = -33 - -44. What is the highest common factor of 55 and c?
11
Let p(b) = b**2 - 6*b + 5. Let l be p(4). Let a = l + 4. Calculate the greatest common factor of 10 and a.
1
Suppose 5*r = 3 + 2. Let s be (-3 - -2)*r*-11. Calculate the greatest common divisor of s and 121.
11
Suppose -10 = -5*s + l + 1, 0 = s + 2*l. Let h(t) = 8*t + 2. Let j be h(s). Let y be (2 + -1 + 0)*6. Calculate the highest common factor of y and j.
6
Suppose -3 = -y, -2*p - y = 3*y - 20. Suppose -p*o = -12 - 8. Calculate the greatest common divisor of 5 and o.
5
Suppose 0 = 3*i + 10 + 5, -v - 5*i - 11 = 0. Let z be (-978)/(-10) - (-7)/35. Calculate the highest common factor of v and z.
14
Let c(w) = w + 1 + 2 - 2. Let y be c(0). Let l = 0 - -1. Calculate the highest common divisor of l and y.
1
Let t = -8 + 6. Let m = t - -5. What is the highest common factor of m and 12?
3
Let b = -5 + 8. Suppose -8*h = -4*h - 448. Suppose -b*m = m - h. What is the greatest common divisor of 4 and m?
4
Suppose 4*k = -k + 20. Let f = 6 - k. Suppose z - 3*z + f = 0. What is the highest common factor of z and 7?
1
Suppose -5*l - 5*d + 40 = 0, 10 = -0*l + 2*l + 5*d. Let m be (-2)/((-4)/l) + -3. What is the greatest common factor of 10 and m?
2
Suppose 0 = x - 6*x + 360. Let j = x - 42. Let l(h) = h**3 + 9*h**2 - 4*h + 9. Let g be l(-9). What is the greatest common factor of g and j?
15
Let r be (1/((-2)/52))/(1/(-4)). Calculate the greatest common factor of 13 and r.
13
Suppose -88 = -4*x + 8. Calculate the highest common factor of 12 and x.
12
Let w(i) = -i**2 + 11*i + 21. Let r be w(12). Calculate the highest common factor of 108 and r.
9
Let z be (1 + -23)*(-132)/24. What is the greatest common divisor of z and 11?
11
Let n = -28 + 41. What is the highest common factor of n and 130?
13
Let s = -133 - -376. What is the greatest common divisor of 27 and s?
27
Suppose -5*d + d + 8 = 0. Suppose -d*j + 96 = 2*j. Suppose 0 = 5*h, -3*h + h = -3*v + j. What is the highest common factor of v and 64?
8
Suppose -d + 150 - 17 = 0. Let n = 193 - d. Calculate the highest common factor of 24 and n.
12
Suppose i = -3*i + 72. What is the highest common divisor of i and 144?
18
Let w be (5/(-3) - -1)/(6/(-2376)). Calculate the greatest common factor of 22 and w.
22
Let u(s) = -s**2 - 16*s + 25. Let t be u(-17). What is the greatest common factor of 2 and t?
2
Suppose 0 = 4*c + 4*o - 348, 6*o - 4*o + 178 = 2*c. Suppose 12 = 6*r - 3*r. Suppose 0 = -r*z + 30 + 14. What is the highest common divisor of c and z?
11
Suppose -4 + 25 = -d + 5*l, -4*l = d - 24. Suppose -d*a + 4*k + 52 = -k, -a + 30 = 3*k. Suppose -a = -s - s. What is the highest common factor of 18 and s?
9
Let g be -2 - 1/(-1)*5. Let w be (-6)/(-3) - (-2)/1. Suppose -a = g*r - 54, -w*r - 1 = -17. Calculate the highest common factor of 14 and a.
14
Let q = 59 - 26. Calculate the greatest common divisor of 33 and q.
33
Let h(o) = -2*o + 45. Let s be h(15). Calculate the highest common divisor of s and 75.
15
Suppose 14*n + 100 = 18*n. Calculate the highest common factor of n and 25.
25
Suppose 0 = -3*z - 4*u + 17, -3*z - 9 = -4*z + 2*u. Calculate the greatest common divisor of z and 21.
7
Suppose 0*k - k + 88 = 0. Calculate the highest common factor of 11 and k.
11
Let m(x) = -x + 13. Let n be m(10). Suppose 6 = 3*l + n. Calculate the highest common factor of l and 3.
1
Let m(z) = -16*z - 19. Let a(u) = 4*u + 5. Let n(j) = -9*a(j) - 2*m(j). Let c be n(-7). Let s = 117 - c. What is the greatest common divisor of s and 12?
12
Let o = 55 + -28. Let v(t) = -t**2 + 11*t - 1. Let p be v(10). What is the greatest common factor of p and o?
9
Let b(r) = r**3 - 2*r**2 - 4*r. Let s = -5 - -8. Suppose -3*f - k = 2*f - 16, -s*f + 32 = -5*k. Let d be b(f). What is the highest common divisor of d and 2?
2
Suppose -5*c + 4*z + 26 = 0, 3*c = 2*z - z + 17. Suppose 0 = -c*i + 7*i - 4. Calculate the greatest common divisor of i and 36.
4
Let w be -104*(-1)/(-4)*2. Let x be w/3*6*-1. Let a be -3*((-4)/3 + -3). Calculate the greatest common divisor of a and x.
13
Suppose -2*v + 4 = 0, 2 = 3*p - 0*p - 5*v. Suppose 5*k - 304 = -4*y, 6*k = 3*k - p*y + 176. Calculate the highest common divisor of k and 16.
16
Let c be 4/26 + (-1818)/(-13). What is the greatest common divisor of c and 20?
20
Let v(z) = 3*z**2 + 7*z + 14. Let h be v(-5). Calculate the highest common factor of h and 108.
54
Let y(j) = -3*j**3 + 3*j**2 + 2*j + 3. Let v be y(-2). Let c be 2/6 + v/3. What is the greatest common divisor of 12 and c?
12
Suppose -3*o + 301 + 260 = 0. What is the greatest common factor of o and 34?
17
Suppose -5*l - 2*f = -54, 3*f - 2*f = -l + 12. What is the highest common divisor of l and 80?
10
Let d be 16/6*3/2. Suppose -4*y + 4*v + 12 = 0, 3*y - 4*v - 5 = -3*v. What is the highest common divisor of y and d?
1
Let p = 19 + -18. Calculate the highest common factor of 8 and p.
1
Let u(d) = -2*d**3 - 3*d**2 + 2*d - 3. Let y be u(-3). Let z(r) = -90*r. Let o be z(-1). Calculate the highest common divisor of o and y.
18
Let q be ((-2)/(-4))/((-1)/(-18)). Let x = -98 - -107. Calculate the highest common divisor of q and x.
9
Suppose 2*q = -3*q. Suppose -2*r = -q*r - 10. Suppose -r = -4*g + 23. Calculate the highest common factor of 21 and g.
7
Suppose 2*p + 2 = 3*p + 2*w, 0 = -5*p - 3*w + 17. Let u = 5 - 2. Suppose u = n - p. Calculate the highest common divisor of n and 7.
7
Let s(m) = m**2 + 6*m - 4. Let i be s(-7). Suppose -6 = b - i*b. Suppose -b*u = -u - 22. What is the greatest common divisor of 55 and u?
11
Let p = -122 + 272. Let h = p - 90. What is the greatest common factor of h and 6?
6
Suppose -f = -5*z + 303, -z + 46 = 2*f - 8. Let r(w) = w**2 + 6*w + 5. Let c be r(-4). Let a be 36*1/(c/(-2)). Calculate the greatest common divisor of a and z.
12
Let i(o) = 2*o**2 - 2*o - 2. Let q be i(2). Let l(f) = -5*f**3 - 3*f**q + f**3 + f**2 + f. Let h be l(-2). What is the greatest common divisor of h and 55?
11
Let d(g) = 4 + 0*g**3 - g**3 + 0*g**3. Let p be d(0). Suppose -2*k - 90 = -p*k. Calculate the greatest common divisor of 30 and k.
15
Let z = 25 - -13. What is the highest common divisor of z and 57?
19
Suppose 5*r + 17 = -78. Let i be (-2 - (-1 + 0))*r. Let a be ((-57)/(-2))/(1/6). Calculate the greatest common divisor of i and a.
19
Let x = 21 + -17. Calculate the greatest common divisor of 10 and x.
2
Suppose 0 = -3*b + 12, b - 37 - 31 = -2*o. What is the highest common factor of 48 and o?
16
Let y be -16*(-2 - (0 + -1)). Calculate the greatest common factor of y and 112.
16
Let n = -39 + 92. Let c = 131 - n. Suppose 0 = -4*l - 12, 3*v + 2*l + c = 6*v. Calculate the greatest common factor of v and 6.
6
Let t = -12 + 42. Suppose 0 = -v + 12*v - 66. What is the highest common divisor of v and t?
6
Suppose -4*l - k = k - 402, 3 = k. What is the highest common factor of l and 11?
11
Let u(g) = -31*g + 7. Let k be u(-7). Calculate the highest common factor of 32 and k.
32
Suppose -4*i + 93 = 5*k, k + i - 102 = -4*k. What is the highest common divisor of k and 3?
3
Let f = -53 - -149. What is the greatest common factor of 24 and f?
24
Let d(q) = -5*q + 6. Let p(s) = -6*s + 7. Let x(l) = -4*d(l) + 3*p(l). Let r be x(3). Suppose r*c = -c + 36. What is the greatest common divisor of c and 3?
3
Let v(q) = -q + 2. Suppose 2*s = -7 + 3. Let a be v(s). Suppose a*t - 406 = 34. What is the highest common factor of 10 and t?
10
Suppose -2*m + 8 - 29 = -5*p, -2*p = m - 3. Suppose -r + p + 0 = 0. Let q(j) = -j**2 + 10*j + 3. Let f be q(7). What is the highest common factor of r and f?
3
Suppose -2*d = -6*d - 2*t + 128, -5*t = 4*d - 140. Calculate the highest common factor of 30 and d.
30
Let a = 23 + -12. Suppose -x + 9*x - 88 = 0. Calculate the highest common factor of a and x.
11
Suppose -v + 4 = -0*v, 49 = 5*f + v.